et q(k) = g(k) - 5*m(k). Suppose 0 = -2*s - 5*s - 7. What is q(s)?
0
Let w(u) = u**2 + u - 1. Let b = 546 - 542. Give w(b).
19
Let p(a) = -4*a**2 + a - 6. Let m(n) = -9*n**2 + 2*n - 14. Let w(g) = 6*m(g) - 14*p(g). Let o(h) = h - 6. Let j be o(8). Give w(j).
4
Let a(j) be the third derivative of -j**5/30 + 5*j**4/24 + j**3/2 - 6*j**2 + 16. Calculate a(5).
-22
Suppose -s + 4*n = 24, 5*s + 11 = 4*n - 29. Let a(g) = -24 + 69 - 28 - 6*g - 22. Calculate a(s).
19
Let m(s) = -15*s**2 + 4*s - 5. Let y(l) = -30*l**2 + 9*l - 11. Let f(u) = 9*m(u) - 4*y(u). Calculate f(1).
-16
Let n(y) be the third derivative of 9*y**5/20 + y**4/12 - y**3/6 + 3107*y**2. Suppose i - 5*i + 4 = 0. Determine n(i).
28
Let t = -434 - -436. Let p(o) be the second derivative of -1/2*o**3 - t*o - o**2 + 0. Determine p(-3).
7
Let x(c) be the second derivative of c**4/12 - 2*c**3/3 - 9*c**2/2 - 68*c. Calculate x(0).
-9
Let z(f) = f**2 + f - 4. Suppose 0 = -4*a + 2*a + 32. Suppose 5*y + 2*u = 7 - 0, -31 = -5*y + 4*u. Suppose y*l = 7*l + a. Give z(l).
8
Let q(i) = i**3 - 4*i**2 + 3*i - 5. Suppose -5*m - 2 + 72 = 0. Suppose -5*k = -6 - m. Give q(k).
7
Let t be 3 + (-6 - -1 - -8). Let j(k) be the first derivative of k**3/3 - 4*k**2 + 6*k + 1. Determine j(t).
-6
Let j(p) = p**3 - 5*p**2 + 4*p - 2. Suppose 3*d + 0*d = 9. Suppose -18 = -d*w - 6. Determine j(w).
-2
Let a = 12 - 10. Let m(b) = 238*b - 2 + 2 - 4 - 233*b - 1. Determine m(a).
5
Let u(c) = -c**3 + 7*c**2 + 8*c + 2. Let q be 16/2*(-1)/(-1). Let b be u(q). Let v be (2 + b - 4) + -5. Let p(l) = l**3 + 5*l**2 - 4. Calculate p(v).
-4
Let f(s) = -s - s + 2*s - 3*s - 7*s**2. What is f(-2)?
-22
Let g(q) = 11*q**2 + 40*q - 45. Let o(s) = -4*s**2 - 13*s + 15. Let l(z) = -3*g(z) - 8*o(z). Give l(-17).
-2
Let k(q) = q**2 - 13*q - 17. Let f be k(14). Let r(p) = 5*p. Let g(a) = -6*a. Let t(b) = g(b) + r(b). What is t(f)?
3
Let a(t) = -t**3 + 5*t**2 - t - 11. Let h = 593 + -589. Determine a(h).
1
Let c(f) = -f**3 - 3*f**2 + 3*f. Let o(t) = -4*t**3 - 10*t**2 + 10*t. Let k(j) = -10*c(j) + 3*o(j). Give k(-2).
16
Let h(t) = -5*t**2 + 2*t - 1. Let w = -21 - -17. Let z be (-1 + (-4)/w)*-1. Let o = 1 - z. What is h(o)?
-4
Let n(q) = -13*q + 1. Let y(k) = 24*k. Let m(i) = -12*i. Let x(h) = -13*m(h) - 6*y(h). Let r(w) = 5*n(w) + 6*x(w). Give r(-5).
-30
Let h(g) = -12 - 12 + 12 + 6 - g. Calculate h(-3).
-3
Let d(a) = -12*a**3 + 6*a**2 + 7*a - 6. Let u(z) = 10*z**3 - 5*z**2 - 6*z + 5. Let t(s) = 6*d(s) + 7*u(s). Give t(-1).
2
Let u(z) be the second derivative of -z**4/12 - z**3/3 + 3*z**2/2 + 2*z. Suppose 4 = -0*v + 2*v. Suppose 3*f = v + 4. Calculate u(f).
-5
Let o(m) = -m. Suppose -t - 30 = 4*t. Let a(c) = 3*c - 2*c + c - c. Let l be a(t). Determine o(l).
6
Let m(p) = -p + 1. Suppose 4*c + 4 = -16. Let r(l) = 2*l - 6 - 6*l + 3. Let q(f) = c*m(f) + r(f). What is q(6)?
-2
Let n(a) be the first derivative of -a**4/4 + 5*a**3/3 + 3*a**2 + 2*a - 84. What is n(6)?
2
Let n(w) be the first derivative of 0*w + 1/2*w**2 + 1/12*w**4 - 1/120*w**6 - 1/30*w**5 + 7 + 0*w**3. Let z(d) be the second derivative of n(d). What is z(-3)?
3
Let z(d) = d**2 + 4*d. Suppose -25 = -7*s + 2*s. Let o be (-2 + 3)*(-5 + s). Suppose o = -r - 1 - 4. Determine z(r).
5
Suppose 16*u - 11 + 75 = 0. Let i(g) = 0*g**2 - 2*g**2 + 4 + 0 + 3*g**2 + 2*g. Calculate i(u).
12
Suppose 2*m + 12 = 3*r, -11 + 15 = r - 4*m. Let w(p) = -6*p + 1. Give w(r).
-23
Let s(b) be the first derivative of b**2/2 + 4*b - 17. Suppose -2*j + 16 = -j. Suppose -2*v - 5*z = 0, 0 = -0*v - 4*v - 2*z - j. Give s(v).
-1
Let k(y) be the first derivative of -y**4/4 - 4*y**3 - 5*y**2 + 6*y - 32. Calculate k(-11).
-5
Let r(h) = -h**2 + 8*h - 10. Let p be r(5). Let o(q) = 6*q + 938*q**3 + p + q**2 - 937*q**3 + 4*q**2. What is o(-5)?
-25
Let i be (-8)/6*54/12. Let t = i + 4. Let x be (1 - t - 1) + 3. Let g(r) = -r**3 + 4*r**2 + 5*r + 1. Determine g(x).
1
Let g(b) = -1 - 1 + 1 - 5*b + 4*b. Let w(d) = d**3 - 6*d**2 + 7*d - 4. Let z(i) = -g(i) - w(i). Give z(5).
0
Let u(j) = -2*j**3 - 2*j - 3. Let f = -943 - -941. Calculate u(f).
17
Suppose 33 = -5*l - 2*p + 8, -4*p + 20 = -4*l. Let x(b) be the first derivative of -b**3/3 - 5*b**2/2 + 4*b - 469. Determine x(l).
4
Let a(d) = -d**3 - 4*d**2 + 3*d - 7. Let h = -13 + 8. Let w be a(h). Let g(k) = 2 + k + 3*k**2 + 2*k + 7*k**3 - 6*k**w - 2*k**3. What is g(4)?
-2
Suppose 14*z - 42 = 7*z. Let d(s) = -4*s**2 + 3*s + z*s**2 - 8 + s**3 + 5*s**2. Determine d(-6).
10
Suppose 0 = -3*w + 41 - 5. Suppose -f + 4*m = -12, 4*f - m + w = -0*m. Let o(d) = -1 - 2 - 4*d + 3*d**2 - 1 + d**3. Calculate o(f).
-4
Suppose -23 = j + 2*z - 7*z, 2*j + 4*z - 24 = 0. Let t(w) = -2*w**3 - 3*w**2 + 2*w + 1. Give t(j).
-23
Let a(j) be the second derivative of j**5/20 + 2*j**4/3 - 5*j**3/3 - 5*j**2 + 28*j - 3. Give a(-9).
-1
Let m(h) = -3*h**2 - 2*h - 4. Let l(j) = 9*j**2 + 5*j + 13. Suppose -5*q = -47 + 37. Let f(r) = q*l(r) + 7*m(r). What is f(-2)?
-6
Let a(w) = w. Let l(n) = -n**2 + n + 15. Let z(y) = 2*a(y) - l(y). Let s be z(-5). Let v(r) be the second derivative of -r**3/2 + r**2 - 2*r. Calculate v(s).
-13
Let u(k) = k - 2. Let n be u(5). Let b(w) = 10 - w**3 + w**3 + w**n + 9*w + 8*w**2. Suppose 5*h - 28 = 19*d - 15*d, -2*d - 4*h = 14. Give b(d).
-4
Let h(p) be the first derivative of -p**4/4 - 2*p**3/3 + p**2/2 + 2*p - 86. Determine h(-2).
0
Let t(v) = 56*v - 7. Let u(q) = -67*q + 9. Let p(b) = 6*t(b) + 5*u(b). Suppose -23 + 3 = 5*j. What is p(j)?
-1
Let c(l) = l**2 + 12*l - 9. Let s(i) = -i**2 - 10*i + 11. Let p be s(-12). Calculate c(p).
4
Let i(n) be the first derivative of 9*n**2/2 + 5*n + 488. What is i(-3)?
-22
Suppose -4*f + f = 2*h - 18, 24 = 4*f + 4*h. Let o(l) = 2*l**2 + 4*l + 2. Let q be o(-3). Let m = q - f. Let x(z) = -z**3 + 3*z**2 - 3*z + 1. Calculate x(m).
-1
Let t(j) = -4*j - 16. Let d = -21 + 23. Let i(o) = -2*o - 8. Let v(m) = d*t(m) - 5*i(m). Give v(-6).
-4
Let k(r) = r**3 + 5*r**2 + 2*r + 7. Suppose 0 = 6*j - 114 + 144. Determine k(j).
-3
Let u(v) be the second derivative of -v**3/6 + 6*v**2 - 41*v - 2. What is u(6)?
6
Let w(m) be the third derivative of 29*m**5/30 - m**4/24 - m**3/6 + 2*m**2 + 10*m. What is w(-1)?
58
Let h(r) = -r**3 - 4. Let b be -4 + -7*2/(-2). Suppose 0 = 3*a, 2*u - b*a = a. What is h(u)?
-4
Let i(h) = -3*h**2 + 8*h + 8. Let v(d) = -2*d**2 + 5*d + 5. Suppose -2*j + 15 = -5*j. Let w(f) = j*i(f) + 8*v(f). Calculate w(1).
-1
Let f(v) = v + 3. Let l = -12 + 5. Let g be 2 + 3/(-4 - l). Suppose 0 = n - 2*t - 4, 3*n - 2*n - g*t = 8. What is f(n)?
-1
Let v = -449 - -442. Suppose -12 = -m - 2*m - 2*o, 12 = 4*o. Let b(z) = 1 - 7*z - 3 + 6*z**m + 4 + z**3 - 5. Calculate b(v).
-3
Let m be (-5)/(-2)*44/(-55). Let z be 9*(3 - (m - -4)). Let h(f) = 71*f - 2*f**2 - z + f**3 + f**2 - 70*f. Calculate h(0).
-9
Let u be 35/14 + 3/(-6). Suppose -u*i = 3*i + 15. Let d be (i - -6) + -7 - -4. Let g(f) = f**3 - f**2 + f - 7. Give g(d).
-7
Let d be (4/(-8))/((-31)/10 - -3). Let g(i) = 0*i + d*i - 3 - 3*i - 3*i. Calculate g(-6).
3
Let v(q) = -11*q**3 + 4*q**2 - 3*q + 3. Let j(k) = 20*k**3 - 7*k**2 + 5*k - 5. Let x(y) = 3*j(y) + 5*v(y). Give x(-1).
-6
Suppose -152 + 124 = -4*b. Let f(n) = -n**3 + 6*n**2 + 3*n + 8. What is f(b)?
-20
Let t(f) = -f**3 + 4*f**2 - 4*f + 2. Suppose 28 = -2*y + 6*y. Suppose -y*q - 84 = -3*q. Let w = q - -24. Calculate t(w).
-1
Let w(d) be the second derivative of d**5/120 + d**4/24 - 5*d**3/2 + 32*d. Let i(x) be the second derivative of w(x). Give i(-7).
-6
Let l(h) = -8*h - 17. Let u(d) = 3*d + 9. Let n(o) = -2*l(o) - 5*u(o). Let p = 38 + -30. Give n(p).
-3
Let x(v) be the third derivative of -v**6/120 + v**5/10 - v**4/4 + 2*v**3/3 + 70*v**2. Calculate x(4).
12
Suppose -4*i = 1 - 21. Let c = i - 1. Let b(w) = -3 + c - w + 2 - 2. Calculate b(-1).
2
Let v(s) = -7*s - 16. Let q be v(-13). Let n(b) = -80*b - 2 + 0*b**2 + q*b + 5*b**2 + b**3 - 1. Determine n(-6).
-9
Let d be (2/3)/(14/21) + 1. Let c(q) = 4*q - 228 + q**d + 222 + 2*q. What is c(-6)?
-6
Let l = -110 + 113. Let g(j) = -23 - 5*j + 15 + l*j. Determine g(-7).
6
Let n(i) be the second derivative of -1/3*i**3 + 0*i**2 + 0 + 0*i**4 + 0*i**5 + 2*i - 1/360*i**6. Let j(a) be the second derivative of n(a). Determine j(-1).
-1
Let l = -37 + 38. Let f(y) = -8*y**2 + y**2 + 7*y**3 + l - y**2 - 7*y - 8*y**3. Determin